ist the prime factors of 217315.
5, 7, 887
List the prime factors of 4292446.
2, 31, 69233
What are the prime factors of 5416205?
5, 1083241
What are the prime factors of 1269499?
7, 11, 16487
What are the prime factors of 5813203?
11, 107, 449
What are the prime factors of 365995?
5, 7, 10457
List the prime factors of 13209198.
2, 3, 2201533
What are the prime factors of 31090256?
2, 1943141
What are the prime factors of 166281?
3, 43, 1289
What are the prime factors of 1201619?
761, 1579
List the prime factors of 459570.
2, 3, 5, 15319
What are the prime factors of 1560148?
2, 97, 4021
What are the prime factors of 887660?
2, 5, 44383
What are the prime factors of 6846820?
2, 5, 342341
List the prime factors of 755232.
2, 3, 7867
What are the prime factors of 1357107?
3, 547, 827
What are the prime factors of 1667473?
1667473
What are the prime factors of 5776121?
13, 41, 10837
List the prime factors of 15597214.
2, 19, 410453
List the prime factors of 199424.
2, 19, 41
What are the prime factors of 7058657?
263, 26839
List the prime factors of 904443.
3, 103, 2927
List the prime factors of 34462512.
2, 3, 7, 179, 191
List the prime factors of 58101.
3, 107, 181
List the prime factors of 4508262.
2, 3, 11, 22769
List the prime factors of 737637.
3, 19, 12941
What are the prime factors of 432963?
3, 73, 659
What are the prime factors of 134212?
2, 13, 29, 89
List the prime factors of 201056.
2, 61, 103
What are the prime factors of 707867?
47, 15061
What are the prime factors of 335279?
7, 211, 227
List the prime factors of 111338.
2, 179, 311
What are the prime factors of 1240213?
13, 95401
What are the prime factors of 796609?
11, 139, 521
What are the prime factors of 695290?
2, 5, 23, 3023
List the prime factors of 3804009.
3, 11, 19, 6067
List the prime factors of 552641.
149, 3709
List the prime factors of 53876.
2, 13469
List the prime factors of 439955.
5, 87991
List the prime factors of 11507771.
11, 643, 1627
List the prime factors of 1572281.
1572281
What are the prime factors of 8436036?
2, 3, 7, 14347
List the prime factors of 284311.
284311
List the prime factors of 5319333.
3, 751, 787
What are the prime factors of 86864?
2, 61, 89
List the prime factors of 1230115.
5, 347, 709
List the prime factors of 31314416.
2, 7, 279593
List the prime factors of 858758.
2, 61, 7039
What are the prime factors of 11565787?
11565787
List the prime factors of 4749798.
2, 3, 131, 6043
List the prime factors of 1380461.
31, 44531
What are the prime factors of 123105?
3, 5, 29, 283
List the prime factors of 372653.
372653
List the prime factors of 281676.
2, 3, 23473
List the prime factors of 121061.
121061
What are the prime factors of 1526171?
431, 3541
What are the prime factors of 1764749?
7, 59, 4273
List the prime factors of 64015.
5, 7, 31, 59
What are the prime factors of 7623488?
2, 23, 5179
What are the prime factors of 388064?
2, 67, 181
What are the prime factors of 196631?
19, 79, 131
What are the prime factors of 20234534?
2, 47, 215261
List the prime factors of 3933928.
2, 349, 1409
List the prime factors of 262443.
3, 87481
What are the prime factors of 124943?
7, 13, 1373
What are the prime factors of 12122769?
3, 97, 41659
What are the prime factors of 7378?
2, 7, 17, 31
List the prime factors of 1909505.
5, 13, 29, 1013
What are the prime factors of 269582?
2, 37, 3643
List the prime factors of 913516.
2, 137, 1667
What are the prime factors of 2541709?
83, 113, 271
What are the prime factors of 8906534?
2, 7, 13, 6991
What are the prime factors of 75940?
2, 5, 3797
What are the prime factors of 344022?
2, 3, 7, 8191
What are the prime factors of 353339?
7, 7211
List the prime factors of 4359471.
3, 71, 97, 211
What are the prime factors of 639539?
43, 107, 139
What are the prime factors of 6818?
2, 7, 487
What are the prime factors of 28332337?
11, 71, 36277
What are the prime factors of 65886?
2, 3, 79, 139
List the prime factors of 6597202.
2, 47, 70183
What are the prime factors of 159987?
3, 17, 3137
What are the prime factors of 17721747?
3, 233, 313
List the prime factors of 1541170.
2, 5, 229, 673
What are the prime factors of 2795122?
2, 11, 127051
What are the prime factors of 6003200?
2, 5, 7, 67
List the prime factors of 664398.
2, 3, 7, 5273
List the prime factors of 807974.
2, 127, 3181
List the prime factors of 11508866.
2, 311, 18503
List the prime factors of 25218463.
17, 1483439
What are the prime factors of 18607419?
3, 2067491
What are the prime factors of 219005?
5, 43801
What are the prime factors of 23912415?
3, 5, 19681
List the prime factors of 32751185.
5, 1801, 3637
List the prime factors of 5207408.
2, 325463
What are the prime factors of 505729?
7, 10321
List the prime factors of 459212.
2, 13, 8831
What are the prime factors of 4656595?
5, 931319
List the prime factors of 27554799.
3, 73, 125821
List the prime factors of 178575.
3, 5, 2381
What are the prime factors of 243536?
2, 31, 491
List the prime factors of 3130699.
11, 13, 21893
What are the prime factors of 6312336?
2, 3, 131507
List the prime factors of 297970.
2, 5, 83, 359
List the prime factors of 2649731.
7, 378533
List the prime factors of 9957434.
2, 137, 36341
List the prime factors of 32097993.
3, 103, 109, 953
List the prime factors of 1722141.
3, 19, 373
List the prime factors of 1358983.
1358983
What are the prime factors of 11870841?
3, 191, 20717
List the prime factors of 28810.
2, 5, 43, 67
What are the prime factors of 548739?
3, 19, 3209
What are the prime factors of 7239922?
2, 3619961
List the prime factors of 1846329.
3, 31, 19853
List the prime factors of 3005995.
5, 29, 20731
List the prime factors of 13241490.
2, 3, 5, 571, 773
List the prime factors of 7345261.
7, 11, 95393
What are the prime factors of 1491166?
2, 59, 12637
What are the prime factors of 1989419?
1989419
What are the prime factors of 222014?
2, 13, 8539
List the prime factors of 77345.
5, 31, 499
List the prime factors of 503099.
31, 16229
List the prime factors of 701582.
2, 7, 7159
List the prime factors of 111462.
2, 3, 13, 1429
What are the prime factors of 811633?
347, 2339
List the prime factors of 994091.
7, 29, 59, 83
List the prime factors of 737872.
2, 107, 431
What are the prime factors of 3009301?
29, 103769
What are the prime factors of 2229346?
2, 7, 17, 19, 29
What are the prime factors of 1518322?
2, 13, 23, 2539
List the prime factors of 2117568.
2, 3, 41, 269
List the prime factors of 304572.
2, 3, 17, 1493
List the prime factors of 1807614.
2, 3, 233, 431
List the prime factors of 315312.
2, 3, 6569
List the prime factors of 18504032.
2, 578251
What are the prime factors of 26602991?
31, 858161
List the prime factors of 9648748.
2, 181, 13327
List the prime factors of 2728278.
2, 3, 7, 59, 367
List the prime factors of 1364478.
2, 3, 71, 3203
List the prime factors of 4063807.
11, 571, 647
List the prime factors of 1320909.
3, 440303
List the prime factors of 403851.
3, 7, 19231
List the prime factors of 14315782.
2, 13, 550607
List the prime factors of 4494981.
3, 1498327
List the prime factors of 145620.
2, 3, 5, 809
List the prime factors of 191353.
191353
What are the prime factors of 513073?
11, 46643
What are the prime factors of 314130?
2, 3, 5, 37, 283
List the prime factors of 624414.
2, 3, 7, 14867
List the prime factors of 8242603.
17, 71, 6829
List the prime factors of 16424961.
3, 7, 782141
List the prime factors of 590913.
3, 65657
List the prime factors of 8364621.
3, 1399, 1993
List the prime factors of 152922.
2, 3, 7, 11, 331
List the prime factors of 269997.
3, 7, 13, 23, 43
List the prime factors of 2712048.
2, 3, 56501
List the prime factors of 340726.
2, 170363
What are the prime factors of 939264?
2, 3, 1223
What are the prime factors of 110280?
2, 3, 5, 919
What are the prime factors of 133608?
2, 3, 19, 293
What are the prime factors of 6043032?
2, 3, 101, 277
What are the prime factors of 1242258?
2, 3, 17, 19, 641
What are the prime factors of 10920236?
2, 1237, 2207
What are the prime factors of 286384?
2, 7, 2557
List the prime factors of 13773094.
2, 17, 405091
What are the prime factors of 10923677?
43, 254039
List the prime factors of 7241612.
2, 7, 36947
List the prime factors of 124997.
239, 